7 a multiple of 767?
True
Does 20 divide 32262811?
False
Is 14 a factor of 1416180205?
False
Is 9 a factor of 1905983209?
False
Does 1400 divide 857995445?
False
Does 1548 divide 24616296?
True
Is 6 a factor of 12094644?
True
Is 204 a factor of 34541688?
True
Is 59 a factor of 628204506?
True
Is 132 a factor of 1184737?
False
Is 1174 a factor of 68543990?
True
Is 427318900 a multiple of 26?
False
Does 1694 divide 211306172?
True
Is 2036057018 a multiple of 126?
False
Does 2226 divide 1969721554?
False
Is 182 a factor of 58990401?
False
Does 24 divide 1589372904?
True
Is 9 a factor of 14388750?
True
Is 121145088 a multiple of 32?
True
Is 551 a factor of 1505161850?
False
Is 41493669 a multiple of 149?
True
Is 171703718 a multiple of 4242?
False
Is 5 a factor of 2747145?
True
Does 9 divide 30432558?
False
Is 441 a factor of 14966217?
True
Is 32323680 a multiple of 356?
False
Does 78 divide 102665546?
False
Does 34 divide 8556409?
False
Is 3402 a factor of 213961986?
True
Is 30548810 a multiple of 302?
True
Does 5 divide 14046907?
False
Is 8850000 a multiple of 48?
True
Is 21601176 a multiple of 152?
True
Does 12 divide 1916589060?
True
Does 19 divide 50894939?
True
Is 23600717 a multiple of 427?
True
Does 477 divide 1133471250?
True
Is 68819240 a multiple of 140?
True
Is 44340668 a multiple of 110?
False
Does 347 divide 114536372?
True
Does 29 divide 2330665765?
True
Does 946 divide 11872300?
True
Is 29 a factor of 58984115?
True
Is 266 a factor of 166651394?
True
Is 223 a factor of 21019218?
False
Does 37 divide 155053235?
False
Is 739611 a multiple of 291?
False
Is 2542 a factor of 462046630?
True
Is 689 a factor of 60545875?
True
Is 744516043 a multiple of 6?
False
Does 128 divide 255837550?
False
Is 1546494900 a multiple of 15?
True
Is 27 a factor of 1209656?
False
Is 110532 a multiple of 11?
False
Is 48795633 a multiple of 9?
True
Does 151 divide 47787272?
True
Is 1702359720 a multiple of 90?
True
Is 26014500 a multiple of 50?
True
Does 20 divide 301718996?
False
Does 1210 divide 4112614?
False
Does 28 divide 103147305?
False
Is 5 a factor of 53141305?
True
Is 37389550 a multiple of 17?
False
Does 53 divide 1321559028?
True
Is 2896 a factor of 14682725?
False
Is 91382660 a multiple of 29?
False
Is 3084100790 a multiple of 15?
False
Is 92492320 a multiple of 160?
True
Is 36460557 a multiple of 837?
True
Is 33 a factor of 55450791?
True
Does 849 divide 145949043?
True
Does 71 divide 282230556?
False
Is 242 a factor of 345828694?
False
Is 1174 a factor of 65442282?
True
Is 8 a factor of 75366623?
False
Is 1388 a factor of 70910144?
True
Is 30 a factor of 706244970?
True
Does 17 divide 47169509?
True
Is 11 a factor of 12283282?
True
Does 388 divide 17896112?
True
Is 45 a factor of 12921795?
True
Is 442 a factor of 185695541?
False
Is 40 a factor of 41378600?
True
Does 540 divide 182912580?
True
Is 6 a factor of 150704798?
False
Is 6146 a factor of 976451896?
True
Is 225873864 a multiple of 36?
True
Does 6 divide 224976530?
False
Is 285 a factor of 124027440?
True
Is 239194868 a multiple of 19?
False
Does 560 divide 720720?
True
Does 69 divide 56775960?
True
Does 65 divide 95314765?
True
Is 3633 a factor of 1961752219?
False
Is 53 a factor of 3245302360?
True
Is 2101692516 a multiple of 66?
True
Is 298376644 a multiple of 665?
False
Is 73694621 a multiple of 77?
True
Does 3356 divide 289821271?
False
Does 12 divide 1486572?
True
Is 324059258 a multiple of 557?
True
Is 28061124 a multiple of 546?
True
Does 10 divide 4079540?
True
Does 259 divide 65145234?
True
Is 24897600 a multiple of 320?
True
Is 265877355 a multiple of 75?
False
Is 936579473 a multiple of 71?
False
Is 22820895 a multiple of 902?
False
Is 822825808 a multiple of 563?
False
Does 725 divide 45885378?
False
Does 8 divide 1960280?
True
Is 301334796 a multiple of 18?
True
Is 23807724 a multiple of 1073?
True
Does 178 divide 3832526?
False
Does 831 divide 4956333?
False
Is 735765615 a multiple of 13?
True
Is 372 a factor of 13185912?
True
Is 2865550 a multiple of 2?
True
Does 9 divide 35653968?
True
Is 10012684 a multiple of 44?
True
Is 5185958 even?
True
Does 18 divide 1852079223?
False
Is 91 a factor of 2668862014?
True
Is 26 a factor of 200406065?
False
Is 185260821 a multiple of 2284?
False
Is 2040530278 a multiple of 48?
False
Is 15 a factor of 2141217874?
False
Is 61861352 a multiple of 56?
True
Is 194 a factor of 7157824?
True
Does 38 divide 16517536?
True
Does 564 divide 20178228?
True
Does 5 divide 212793230?
True
Does 526 divide 413855222?
True
Does 60 divide 25516740?
True
Does 138 divide 767871636?
False
Does 1116 divide 1599701184?
True
Is 165 a factor of 46012725?
True
Is 694620888 a multiple of 24?
True
Is 3635049 a multiple of 33?
True
Is 35 a factor of 842583?
False
Is 113 a factor of 270357129?
False
Is 165927972 a multiple of 18?
False
Does 371 divide 212089570?
True
Is 3394 a factor of 87487138?
True
Does 211 divide 219093654?
False
Is 285 a factor of 5382795?
True
Is 86 a factor of 116851984?
True
Does 169 divide 69069962?
True
Is 56047542 a multiple of 426?
True
Does 25 divide 415030949?
False
Is 6 a factor of 1800186?
True
Is 132734808 a multiple of 1161?
True
Is 12916026 a multiple of 31?
True
Is 12 a factor of 86262744?
True
Is 410 a factor of 504203073?
False
Does 23 divide 25358328?
True
Does 3 divide 10878602?
False
Does 18 divide 668936040?
False
Does 21 divide 7370517?
True
Is 133160930 a multiple of 1330?
True
Does 4582 divide 893802089?
False
Is 202936083 a multiple of 141?
True
Does 2073 divide 106852785?
True
Does 142 divide 15965628?
True
Is 99 a factor of 4133224?
False
Is 38 a factor of 12211403?
False
Is 3154683 a multiple of 4?
False
Does 9 divide 201065650?
False
Does 18 divide 38110289?
False
Is 446 a factor of 12919805?
False
Does 23 divide 2545456?
True
Is 300797793 a multiple of 2187?
True
Is 19120984 a multiple of 4?
True
Does 142 divide 7224149?
False
Does 187 divide 2848571?
True
Is 5183800 a multiple of 2?
True
Does 279 divide 50351035?
False
Does 27 divide 296696881?
False
Does 242 divide 178826384?
True
Does 390 divide 883437750?
True
Does 55 divide 1132354?
False
Is 60786528 a multiple of 5808?
True
Does 4220 divide 136943220?
True
Does 299 divide 10499983?
True
Is 36 a factor of 535460112?
True
Does 14 divide 4927667?
False
Does 486 divide 25560935?
False
Does 519 divide 4042491?
True
Does 6 divide 571157030?
False
Is 2663087706 a multiple of 497?
False
Does 348 divide 44112480?
True
Does 1315 divide 345109268?
False
Is 130857136 a multiple of 332?
True
Does 2 divide 32086959?
False
Does 1791 divide 339887853?
False
Is 3898 a factor of 767598058?
True
Is 72486504 a multiple of 18?
True
Is 20 a factor of 1366379280?
True
Is 255107552 a multiple of 111?
False
Does 128 divide 14144877?
False
Does 159 divide 57978452?
False
Does 90 divide 19637640?
True
Is 252 a factor of 26269309?
False
Does 9 divide 461411441?
False
Is 13 a factor of 3626935?
True
Does 23 divide 31555223?
False
Is 144 a factor of 2281539207?
False
Is 26 a factor of 4811329?
False
Is 39 a factor of 171711279?
False
Is 581 a factor of 153286824?
False
Is 1449 a factor of 742605255?
True
Does 338 divide 1406346006?
True
Is 302 a factor of 130078891?
False
Is 123189946 a multiple of 11?
True
Is 20481304 a multiple of 152?
False
Is 433717264 a multiple of 1552?
True
Is 79226586 a multiple of 11?
False
Is 157809622 a multiple of 358?
True
Does 53 divide 29556881?
True
Is 771982649 a multiple of 875?
False
Is 251992832 a multiple of 203?
True
Is 41047168 a multiple of 1504?
True
Is 15 a factor of 38866226?
False
Is 1433648913 a multiple of 4202?
False
Is 25651648 a multiple of 64?
True
Is 1478032859 a multiple of 29?
False
Does 271 divide 45600357?
True
Is 1766 a factor of 34187076?
False
Is 1192819697 a multiple of 105?
False
Is 20 a factor of 104400860?
True
Does 581 divide 52954530?
False
Does 562 divide 67995256?
True
Is 79 a factor of 2635392600?
True
Does 4976 divide 693709364?
False
Is 43834577 a multiple of 115?
False
Is 275453710 a multiple of 4396?
False
Is 7224343425 a multiple of 14?
False
Is 95 a factor of 5591031?
False
Is 19630465 a multiple of 822?
False
Does 13 divide 225420988?
True
Does 59 divide 14277308?
False
Is 8642629 a multiple of 18?
False
Does